 1984349?
9
What is the hundreds digit of 277325?
3
What is the units digit of 45131?
1
What is the units digit of 114447?
7
What is the tens digit of 788430?
3
What is the ten thousands digit of 3092768?
9
What is the units digit of 2285343?
3
What is the ten thousands digit of 577059?
7
What is the ten thousands digit of 586251?
8
What is the ten thousands digit of 1084128?
8
What is the hundreds digit of 970119?
1
What is the hundred thousands digit of 921367?
9
What is the ten thousands digit of 285110?
8
What is the ten thousands digit of 256932?
5
What is the units digit of 340816?
6
What is the tens digit of 374534?
3
What is the hundreds digit of 1232371?
3
What is the hundred thousands digit of 194382?
1
What is the hundred thousands digit of 237173?
2
What is the tens digit of 3119805?
0
What is the millions digit of 1740248?
1
What is the ten thousands digit of 1322230?
2
What is the ten thousands digit of 7560194?
6
What is the thousands digit of 8061?
8
What is the thousands digit of 285944?
5
What is the tens digit of 12168?
6
What is the ten thousands digit of 2419094?
1
What is the thousands digit of 12923544?
3
What is the tens digit of 3230956?
5
What is the hundreds digit of 2408236?
2
What is the tens digit of 391?
9
What is the units digit of 715503?
3
What is the units digit of 8383289?
9
What is the ten thousands digit of 214151?
1
What is the ten thousands digit of 24322?
2
What is the ten thousands digit of 17880?
1
What is the hundreds digit of 780258?
2
What is the tens digit of 934337?
3
What is the ten thousands digit of 1315763?
1
What is the hundreds digit of 533395?
3
What is the units digit of 2244058?
8
What is the tens digit of 139340?
4
What is the thousands digit of 303025?
3
What is the thousands digit of 882178?
2
What is the tens digit of 4824302?
0
What is the millions digit of 7813822?
7
What is the ten thousands digit of 34611311?
1
What is the units digit of 18121?
1
What is the thousands digit of 1081554?
1
What is the ten thousands digit of 1117868?
1
What is the units digit of 1656015?
5
What is the tens digit of 80261?
6
What is the ten thousands digit of 6664518?
6
What is the hundred thousands digit of 4485367?
4
What is the units digit of 3650101?
1
What is the hundreds digit of 2477353?
3
What is the tens digit of 7500024?
2
What is the ten thousands digit of 185179?
8
What is the tens digit of 4620917?
1
What is the ten thousands digit of 987117?
8
What is the hundreds digit of 1287080?
0
What is the tens digit of 11189909?
0
What is the thousands digit of 522251?
2
What is the hundred thousands digit of 459739?
4
What is the hundreds digit of 3424582?
5
What is the ten thousands digit of 81475?
8
What is the tens digit of 222756?
5
What is the thousands digit of 188381?
8
What is the thousands digit of 1012267?
2
What is the hundreds digit of 1623350?
3
What is the tens digit of 2089885?
8
What is the units digit of 25452986?
6
What is the ten thousands digit of 1297374?
9
What is the hundreds digit of 4635691?
6
What is the ten thousands digit of 2505237?
0
What is the units digit of 392785?
5
What is the millions digit of 7523514?
7
What is the ten thousands digit of 80657?
8
What is the hundred thousands digit of 3410068?
4
What is the thousands digit of 15225489?
5
What is the ten thousands digit of 20061558?
6
What is the hundreds digit of 1168181?
1
What is the hundred thousands digit of 1421932?
4
What is the units digit of 860461?
1
What is the ten thousands digit of 1043850?
4
What is the units digit of 9789?
9
What is the units digit of 15158686?
6
What is the tens digit of 183635?
3
What is the ten millions digit of 11231583?
1
What is the hundreds digit of 13616533?
5
What is the hundreds digit of 169229?
2
What is the thousands digit of 145601?
5
What is the units digit of 1645322?
2
What is the hundred thousands digit of 1232760?
2
What is the tens digit of 268009?
0
What is the ten thousands digit of 55993?
5
What is the thousands digit of 2458991?
8
What is the tens digit of 12066429?
2
What is the ten thousands digit of 1302418?
0
What is the hundreds digit of 134320?
3
What is the ten thousands digit of 13151526?
5
What is the units digit of 8098095?
5
What is the hundreds digit of 54257?
2
What is the hundreds digit of 18785763?
7
What is the ten thousands digit of 1817984?
1
What is the units digit of 1879643?
3
What is the ten thousands digit of 4513283?
1
What is the tens digit of 120857?
5
What is the hundreds digit of 7113198?
1
What is the hundred thousands digit of 3383789?
3
What is the hundred thousands digit of 2123866?
1
What is the ten thousands digit of 105506?
0
What is the millions digit of 16823359?
6
What is the units digit of 139296?
6
What is the units digit of 2183548?
8
What is the millions digit of 1484403?
1
What is the thousands digit of 839582?
9
What is the units digit of 422894?
4
What is the tens digit of 1124?
2
What is the units digit of 3795235?
5
What is the units digit of 455291?
1
What is the thousands digit of 97452?
7
What is the units digit of 754789?
9
What is the tens digit of 726872?
7
What is the units digit of 376291?
1
What is the millions digit of 1153586?
1
What is the tens digit of 301816?
1
What is the hundred thousands digit of 297106?
2
What is the units digit of 174783?
3
What is the hundred thousands digit of 13780447?
7
What is the tens digit of 26105?
0
What is the units digit of 1222101?
1
What is the ten thousands digit of 4127361?
2
What is the units digit of 4903318?
8
What is the ten thousands digit of 547893?
4
What is the tens digit of 451065?
6
What is the hundred thousands digit of 141598?
1
What is the ten thousands digit of 915523?
1
What is the thousands digit of 603427?
3
What is the tens digit of 93354?
5
What is the hundreds digit of 22308555?
5
What is the units digit of 26534?
4
What is the thousands digit of 182236?
2
What is the hundreds digit of 5537662?
6
What is the hundred thousands digit of 3440100?
4
What is the tens digit of 813212?
1
What is the thousands digit of 16270725?
0
What is the hundreds digit of 618052?
0
What is the hundred thousands digit of 476145?
4
What is the units digit of 2000461?
1
What is the hundreds digit of 308103?
1
What is the hundred thousands digit of 165758?
1
What is the units digit of 7329342?
2
What is the tens digit of 611012?
1
What is the hundreds digit of 349974?
9
What is the hundreds digit of 11077075?
0
What is the hundreds digit of 249488?
4
What is the tens digit of 3185963?
6
What is the thousands digit of 233149?
3
What is the ten thousands digit of 143298?
4
What is the hundred thousands digit of 4499914?
4
What is the thousands digit of 12562?
2
What is the thousands digit of 15898?
5
What is the hundreds digit of 321416?
4
What is the hundreds digit of 229573?
5
What is the tens digit of 30433?
3
What is the ten thousands digit of 119987?
1
What is the tens digit of 660843?
4
What is the hundred thousands digit of 319699?
3
What is the ten thousands digit of 6193576?
9
What is the hundred thousands digit of 372682?
3
What is the units digit of 350615?
5
What is the units digit of 8920398?
8
What is the thousands digit of 553906?
3
What is the tens digit of 33821?
2
What is the hundreds digit of 1165970?
9
What is the hundreds digit of 3035900?
9
What is the units digit of 4447491?
1
What is the thousands digit of 2007883?
7
What is the ten thousands digit of 599983?
9
What is the millions digit of 1164485?
1
What is the hundred thousands digit of 23324382?
3
What is the thousands digit of 22697955?
7
What is the units digit of 104938?
8
What is the hundreds digit of 3143747?
7
What is the hundred thousands digit of 1276164?
2
What is the units digit of 551218?
8
What is the units digit of 5178198?
8
What is the tens digit of 661067?
6
What is the units digit of 1137435?
5
What is the ten thousands digit of 2984203?
8
What is the tens digit of 586072?
7
What is the tens digit of 15038166?
6
What is the hundreds digit of 124167?
1
What is the thousands digit of 1023903?
3
What is the ten thousands digit of 8683394?
8
What is the thousands digit of 6675607?
5
What is the ten thousands digit of 611807?
1
What is the units digit of 1336205?
5
What i